{"id":1748,"date":"2026-08-14T16:10:51","date_gmt":"2026-08-14T14:10:51","guid":{"rendered":"https:\/\/tpec.fr\/?page_id=1748"},"modified":"2026-09-03T16:46:51","modified_gmt":"2026-09-03T14:46:51","slug":"apropos","status":"publish","type":"page","link":"https:\/\/tpec.fr\/index.php\/apropos\/","title":{"rendered":"\u00c0 propos"},"content":{"rendered":"\n<div class=\"wp-block-cover\" style=\"min-height:220px;aspect-ratio:unset;\"><span aria-hidden=\"true\" class=\"wp-block-cover__background has-background-dim-100 has-background-dim\" style=\"background-color:#363232\"><\/span><div class=\"wp-block-cover__inner-container has-global-padding is-layout-constrained wp-block-cover-is-layout-constrained\">\n<h2 class=\"wp-block-heading has-text-align-center has-base-color has-text-color has-link-color has-mulish-font-family has-x-large-font-size wp-elements-be7b160a3c55d5ac2db9e9fd89af22c6\">\u00c0 PROPOS<\/h2>\n<\/div><\/div>\n\n\n\n<h5 class=\"wp-block-heading has-text-align-center has-black-color has-text-color has-link-color has-large-font-size wp-elements-adfa2faf9bc691df168ab4cf7729ccf6\" style=\"margin-top:var(--wp--preset--spacing--50);margin-bottom:var(--wp--preset--spacing--50)\">DEPUIS 2001, C&rsquo;EST PLUS DE 600 000 m\u00b2 DE CONSTRUIT !<\/h5>\n\n\n\n<div class=\"wp-block-group has-transparent-background-color has-background has-global-padding is-layout-constrained wp-block-group-is-layout-constrained\">\n<div class=\"wp-block-columns alignwide is-layout-flex wp-container-core-columns-is-layout-7387b849 wp-block-columns-is-layout-flex\">\n<div class=\"wp-block-column is-layout-flow wp-block-column-is-layout-flow\">\n<h4 class=\"wp-block-heading has-text-align-center has-custom-orange-tpec-color has-text-color has-link-color has-mulish-font-family has-medium-font-size wp-elements-b5f79414cb06712eb8a32560333f757e\">NEUF<\/h4>\n\n\n\n<p class=\"has-text-align-center has-mulish-font-family has-small-font-size wp-block-paragraph\">Construction de tous vos projets, de la recherche du terrain \u00e0 l\u2019\u00e9tude de vos flux internes, en passant par l\u00e9s d\u00e9marches administratives jusqu\u2019\u00e0 la livraison cl\u00e9 en main.<\/p>\n<\/div>\n\n\n\n<div class=\"wp-block-column is-layout-flow wp-block-column-is-layout-flow\">\n<h4 class=\"wp-block-heading has-text-align-center has-custom-orange-tpec-color has-text-color has-link-color has-mulish-font-family has-medium-font-size wp-elements-8263d767538f0ddd15150caa8213df2c\">AGRANDISSEMENT<\/h4>\n\n\n\n<p class=\"has-text-align-center has-mulish-font-family has-small-font-size wp-block-paragraph\">Agrandissement en site occup\u00e9 ou non, nous nous occupons de l\u2019\u00e9tude, des phasages, de la remise aux normes, de la construction de votre agrandissement cl\u00e9 en main.<\/p>\n<\/div>\n\n\n\n<div class=\"wp-block-column is-layout-flow wp-block-column-is-layout-flow\">\n<h4 class=\"wp-block-heading has-text-align-center has-custom-orange-tpec-color has-text-color has-link-color has-mulish-font-family has-medium-font-size wp-elements-a57b352eef6c39d440306ace987fc733\">R\u00c9HABILITATION<\/h4>\n\n\n\n<p class=\"has-text-align-center has-mulish-font-family has-small-font-size wp-block-paragraph\">R\u00e9habilitation lourde ou simple, r\u00e9am\u00e9nagement en site occup\u00e9 ou non ; nous nous occupons des relev\u00e9s, des phasages et de la r\u00e9habilitation cl\u00e9 en main.<\/p>\n<\/div>\n<\/div>\n<\/div>\n\n\n\n<div style=\"height:41px\" aria-hidden=\"true\" class=\"wp-block-spacer\"><\/div>\n\n\n\n<div class=\"wp-block-group has-custom-color-3-background-color has-background has-global-padding is-layout-constrained wp-block-group-is-layout-constrained\">\n<h3 class=\"wp-block-heading has-text-align-center alignwide has-custom-orange-tpec-color has-text-color has-link-color has-mulish-font-family has-medium-font-size wp-elements-1210af212207f588e63d13c9c87d27c7\">NOTRE M\u00c9TIER<\/h3>\n\n\n\n<div class=\"wp-block-media-text alignwide has-media-on-the-right is-stacked-on-mobile has-mulish-font-family has-small-font-size\" style=\"grid-template-columns:auto 28%\"><div class=\"wp-block-media-text__content\">\n<p class=\"has-text-align-left wp-block-paragraph\">TPEC vous accompagne depuis plus de 25 ans, en concevant, r\u00e9alisant, et en livrant des b\u00e2timents industriels, logistiques et tertiaires sur mesure, en assurant un accompagnement complet \u00e0 chaque \u00e9tape du projet.&nbsp;<\/p>\n\n\n\n<p class=\"has-text-align-left wp-block-paragraph\">Du premier trait de crayon \u00e0 la livraison cl\u00e9 en main, en passant par les d\u00e9marches administratives et le suivi de chantier, nous ma\u00eetrisons l\u2019ensemble des savoir-faire du BTP.&nbsp;<\/p>\n\n\n\n<p class=\"has-text-align-left wp-block-paragraph\">Notre \u00e9quipe \u00e0 taille humaine met un point d\u2019honneur \u00e0 proposer des solutions techniques durables, en favorisant les circuits courts et une gestion responsable des ressources. Gr\u00e2ce \u00e0 une solide expertise, notamment dans la mise aux normes ICPE, la r\u00e9novation, l\u2019extension ou encore la construction neuve, TPEC s\u2019impose comme un acteur local de confiance pour les professionnels et collectivit\u00e9s.&nbsp;<\/p>\n\n\n\n<p class=\"has-text-align-left wp-block-paragraph\">Avec TPEC, d\u00e9veloppez votre entreprise, en vous consacrant \u00e0 votre m\u00e9tier l\u2019esprit tranquille !<\/p>\n<\/div><figure class=\"wp-block-media-text__media\"><img fetchpriority=\"high\" decoding=\"async\" width=\"800\" height=\"601\" src=\"https:\/\/tpec.fr\/wp-content\/uploads\/2019\/07\/photo3.jpg\" alt=\"\" class=\"wp-image-350 size-full\" srcset=\"https:\/\/tpec.fr\/wp-content\/uploads\/2019\/07\/photo3.jpg 800w, https:\/\/tpec.fr\/wp-content\/uploads\/2019\/07\/photo3-300x225.jpg 300w, https:\/\/tpec.fr\/wp-content\/uploads\/2019\/07\/photo3-768x577.jpg 768w\" sizes=\"(max-width: 800px) 100vw, 800px\" \/><\/figure><\/div>\n<\/div>\n\n\n\n<div style=\"height:52px\" aria-hidden=\"true\" class=\"wp-block-spacer\"><\/div>\n\n\n\n<div class=\"wp-block-group has-transparent-background-color has-background has-global-padding is-layout-constrained wp-block-group-is-layout-constrained\">\n<h3 class=\"wp-block-heading has-text-align-center alignwide has-custom-orange-tpec-color has-text-color has-link-color has-mulish-font-family has-medium-font-size wp-elements-a9dbded1c66ca10d45e8f2d04e3fdc62\">NOS SAVOIRS-FAIRE<\/h3>\n\n\n\n<div class=\"wp-block-media-text alignwide is-stacked-on-mobile\" style=\"grid-template-columns:28% auto\"><figure class=\"wp-block-media-text__media\"><img decoding=\"async\" width=\"750\" height=\"563\" src=\"https:\/\/tpec.fr\/wp-content\/uploads\/2019\/07\/DSCN1114.jpg\" alt=\"\" class=\"wp-image-335 size-full\" srcset=\"https:\/\/tpec.fr\/wp-content\/uploads\/2019\/07\/DSCN1114.jpg 750w, https:\/\/tpec.fr\/wp-content\/uploads\/2019\/07\/DSCN1114-300x225.jpg 300w\" sizes=\"(max-width: 750px) 100vw, 750px\" \/><\/figure><div class=\"wp-block-media-text__content\">\n<p class=\"has-text-align-left has-mulish-font-family has-small-font-size wp-block-paragraph\">Pour r\u00e9pondre \u00e0 vos besoins et ma\u00eetriser l\u2019ensemble d\u2019un projet de construction, nous avons d\u00e9velopp\u00e9 un savoir-faire et des comp\u00e9tences vous permettant de vous appuyer sur un vrai partenaire. Notre approche d\u2019expert de la construction sp\u00e9cialis\u00e9e dans l\u2019ing\u00e9nierie du b\u00e2timent a fait ces preuves depuis plus de 25 ans.<\/p>\n\n\n\n<p class=\"has-text-align-left has-mulish-font-family has-small-font-size wp-block-paragraph\">La gestion de vos projets, de vos premi\u00e8res id\u00e9es, de la premi\u00e8re esquisse \u00e0 la livraison cl\u00e9 en main, jusqu\u2019au suivi du SAV.<\/p>\n\n\n\n<p class=\"has-text-align-left has-mulish-font-family has-small-font-size wp-block-paragraph\">Nos \u00e9quipes d\u2019ing\u00e9nieurs, de techniciens et d\u2019architectes prennent en compte d\u00e8s la conception vos probl\u00e9matiques techniques, de process, de flux, de r\u00e9glementation ICPE, d\u2019environnement, vos imp\u00e9ratifs de d\u00e9lai, votre budget, etc.&nbsp;<\/p>\n\n\n\n<p class=\"has-text-align-left has-mulish-font-family has-small-font-size wp-block-paragraph\">La gestion globale d\u2019un projet, c\u2019est notre quotidien ; notre bureau d\u2019\u00e9tudes techniques vous conseillera et vous apportera les solutions innovantes et sur mesure \u00e0 votre projet.<\/p>\n\n\n\n<p class=\"has-text-align-left has-mulish-font-family has-small-font-size wp-block-paragraph\">Chaque projet est accompagn\u00e9 par une personne d\u00e9di\u00e9e pour la partie travaux. C\u2019est le garant de la r\u00e9ussite !<\/p>\n<\/div><\/div>\n<\/div>\n\n\n\n<div style=\"height:52px\" aria-hidden=\"true\" class=\"wp-block-spacer\"><\/div>\n\n\n\n<p class=\"has-text-align-center has-black-color has-text-color has-link-color has-mulish-font-family has-medium-font-size wp-elements-1ffed1614ba5bca8f405f404f1853fb9 wp-block-paragraph\" style=\"font-style:normal;font-weight:700\">TPEC, un v\u00e9ritable professionnel du domaine de la construction<\/p>\n\n\n\n<div style=\"height:50px\" aria-hidden=\"true\" class=\"wp-block-spacer\"><\/div>\n\n\n\n<div class=\"wp-block-group has-custom-color-3-background-color has-background has-global-padding is-layout-constrained wp-block-group-is-layout-constrained\">\n<h3 class=\"wp-block-heading has-text-align-center alignwide has-custom-orange-tpec-color has-text-color has-link-color has-mulish-font-family has-medium-font-size wp-elements-6627bf357403288d70cc39876912f457\">NOS ENGAGEMENTS<\/h3>\n\n\n\n<div class=\"wp-block-group alignwide has-mulish-font-family has-small-font-size has-global-padding is-content-justification-center is-layout-constrained wp-container-core-group-is-layout-2df26e1c wp-block-group-is-layout-constrained\">\n<p class=\"has-text-align-left alignwide wp-block-paragraph\" style=\"padding-right:0\">Nous nous engageons \u00e0 prendre en main globalement votre projet avec un interlocuteur unique en phase conception, un interlocuteur unique en phase travaux, pour vous conseiller avec des engagements clairs sur :<\/p>\n\n\n\n<ul class=\"wp-block-list\">\n<li>le d\u00e9lai<\/li>\n<\/ul>\n\n\n\n<ul class=\"wp-block-list\">\n<li>le prix&nbsp;<\/li>\n<\/ul>\n\n\n\n<ul class=\"wp-block-list\">\n<li>la qualit\u00e9<\/li>\n<\/ul>\n\n\n\n<ul class=\"wp-block-list\">\n<li>la s\u00e9curit\u00e9&nbsp;<\/li>\n<\/ul>\n\n\n\n<ul class=\"wp-block-list\">\n<li>la pr\u00e9sence d\u2019un maximum d\u2019entreprises locales&nbsp;<\/li>\n<\/ul>\n\n\n\n<ul class=\"wp-block-list\">\n<li>une construction \u00e9co-responsable.<\/li>\n<\/ul>\n<\/div>\n<\/div>\n","protected":false},"excerpt":{"rendered":"<p>DEPUIS 2001, C&rsquo;EST PLUS DE 600 000 m\u00b2 DE CONSTRUIT ! NEUF Construction de tous vos projets, de la recherche du terrain \u00e0 l\u2019\u00e9tude de vos flux internes, en passant par l\u00e9s d\u00e9marches administratives jusqu\u2019\u00e0 la livraison cl\u00e9 en main. AGRANDISSEMENT Agrandissement en site occup\u00e9 ou non, nous nous occupons de l\u2019\u00e9tude, des phasages, de [&hellip;]<\/p>\n","protected":false},"author":2,"featured_media":0,"parent":0,"menu_order":0,"comment_status":"closed","ping_status":"closed","template":"","meta":{"_acf_changed":false,"footnotes":""},"class_list":["post-1748","page","type-page","status-publish","hentry"],"acf":[],"_links":{"self":[{"href":"https:\/\/tpec.fr\/index.php\/wp-json\/wp\/v2\/pages\/1748","targetHints":{"allow":["GET"]}}],"collection":[{"href":"https:\/\/tpec.fr\/index.php\/wp-json\/wp\/v2\/pages"}],"about":[{"href":"https:\/\/tpec.fr\/index.php\/wp-json\/wp\/v2\/types\/page"}],"author":[{"embeddable":true,"href":"https:\/\/tpec.fr\/index.php\/wp-json\/wp\/v2\/users\/2"}],"replies":[{"embeddable":true,"href":"https:\/\/tpec.fr\/index.php\/wp-json\/wp\/v2\/comments?post=1748"}],"version-history":[{"count":10,"href":"https:\/\/tpec.fr\/index.php\/wp-json\/wp\/v2\/pages\/1748\/revisions"}],"predecessor-version":[{"id":2147,"href":"https:\/\/tpec.fr\/index.php\/wp-json\/wp\/v2\/pages\/1748\/revisions\/2147"}],"wp:attachment":[{"href":"https:\/\/tpec.fr\/index.php\/wp-json\/wp\/v2\/media?parent=1748"}],"curies":[{"name":"wp","href":"https:\/\/api.w.org\/{rel}","templated":true}]}}

À propos

<div class="wp-block-cover" style="min-height:220px;aspect-ratio:unset;"><span aria-hidden="true" class="wp-block-cover__background has-background-dim-100 has-background-dim" style="background-color:#363232"></span><div class="wp-block-cover__inner-container has-global-padding is-layout-constrained wp-block-cover-is-layout-constrained">
<h2 class="wp-block-heading has-text-align-center has-base-color has-text-color has-link-color has-mulish-font-family has-x-large-font-size wp-elements-be7b160a3c55d5ac2db9e9fd89af22c6">À PROPOS</h2>
</div></div>



<h5 class="wp-block-heading has-text-align-center has-black-color has-text-color has-link-color has-large-font-size wp-elements-adfa2faf9bc691df168ab4cf7729ccf6" style="margin-top:var(--wp--preset--spacing--50);margin-bottom:var(--wp--preset--spacing--50)">DEPUIS 2001, C&rsquo;EST PLUS DE 600 000 m² DE CONSTRUIT !</h5>



<div class="wp-block-group has-transparent-background-color has-background has-global-padding is-layout-constrained wp-block-group-is-layout-constrained">
<div class="wp-block-columns alignwide is-layout-flex wp-container-core-columns-is-layout-7387b849 wp-block-columns-is-layout-flex">
<div class="wp-block-column is-layout-flow wp-block-column-is-layout-flow">
<h4 class="wp-block-heading has-text-align-center has-custom-orange-tpec-color has-text-color has-link-color has-mulish-font-family has-medium-font-size wp-elements-b5f79414cb06712eb8a32560333f757e">NEUF</h4>



<p class="has-text-align-center has-mulish-font-family has-small-font-size wp-block-paragraph">Construction de tous vos projets, de la recherche du terrain à l’étude de vos flux internes, en passant par lés démarches administratives jusqu’à la livraison clé en main.</p>
</div>



<div class="wp-block-column is-layout-flow wp-block-column-is-layout-flow">
<h4 class="wp-block-heading has-text-align-center has-custom-orange-tpec-color has-text-color has-link-color has-mulish-font-family has-medium-font-size wp-elements-8263d767538f0ddd15150caa8213df2c">AGRANDISSEMENT</h4>



<p class="has-text-align-center has-mulish-font-family has-small-font-size wp-block-paragraph">Agrandissement en site occupé ou non, nous nous occupons de l’étude, des phasages, de la remise aux normes, de la construction de votre agrandissement clé en main.</p>
</div>



<div class="wp-block-column is-layout-flow wp-block-column-is-layout-flow">
<h4 class="wp-block-heading has-text-align-center has-custom-orange-tpec-color has-text-color has-link-color has-mulish-font-family has-medium-font-size wp-elements-a57b352eef6c39d440306ace987fc733">RÉHABILITATION</h4>



<p class="has-text-align-center has-mulish-font-family has-small-font-size wp-block-paragraph">Réhabilitation lourde ou simple, réaménagement en site occupé ou non ; nous nous occupons des relevés, des phasages et de la réhabilitation clé en main.</p>
</div>
</div>
</div>



<div style="height:41px" aria-hidden="true" class="wp-block-spacer"></div>



<div class="wp-block-group has-custom-color-3-background-color has-background has-global-padding is-layout-constrained wp-block-group-is-layout-constrained">
<h3 class="wp-block-heading has-text-align-center alignwide has-custom-orange-tpec-color has-text-color has-link-color has-mulish-font-family has-medium-font-size wp-elements-1210af212207f588e63d13c9c87d27c7">NOTRE MÉTIER</h3>



<div class="wp-block-media-text alignwide has-media-on-the-right is-stacked-on-mobile has-mulish-font-family has-small-font-size" style="grid-template-columns:auto 28%"><div class="wp-block-media-text__content">
<p class="has-text-align-left wp-block-paragraph">TPEC vous accompagne depuis plus de 25 ans, en concevant, réalisant, et en livrant des bâtiments industriels, logistiques et tertiaires sur mesure, en assurant un accompagnement complet à chaque étape du projet.&nbsp;</p>



<p class="has-text-align-left wp-block-paragraph">Du premier trait de crayon à la livraison clé en main, en passant par les démarches administratives et le suivi de chantier, nous maîtrisons l’ensemble des savoir-faire du BTP.&nbsp;</p>



<p class="has-text-align-left wp-block-paragraph">Notre équipe à taille humaine met un point d’honneur à proposer des solutions techniques durables, en favorisant les circuits courts et une gestion responsable des ressources. Grâce à une solide expertise, notamment dans la mise aux normes ICPE, la rénovation, l’extension ou encore la construction neuve, TPEC s’impose comme un acteur local de confiance pour les professionnels et collectivités.&nbsp;</p>



<p class="has-text-align-left wp-block-paragraph">Avec TPEC, développez votre entreprise, en vous consacrant à votre métier l’esprit tranquille !</p>
</div><figure class="wp-block-media-text__media"><img fetchpriority="high" decoding="async" width="800" height="601" src="https://tpec.fr/wp-content/uploads/2019/07/photo3.jpg" alt="" class="wp-image-350 size-full" srcset="https://tpec.fr/wp-content/uploads/2019/07/photo3.jpg 800w, https://tpec.fr/wp-content/uploads/2019/07/photo3-300x225.jpg 300w, https://tpec.fr/wp-content/uploads/2019/07/photo3-768x577.jpg 768w" sizes="(max-width: 800px) 100vw, 800px" /></figure></div>
</div>



<div style="height:52px" aria-hidden="true" class="wp-block-spacer"></div>



<div class="wp-block-group has-transparent-background-color has-background has-global-padding is-layout-constrained wp-block-group-is-layout-constrained">
<h3 class="wp-block-heading has-text-align-center alignwide has-custom-orange-tpec-color has-text-color has-link-color has-mulish-font-family has-medium-font-size wp-elements-a9dbded1c66ca10d45e8f2d04e3fdc62">NOS SAVOIRS-FAIRE</h3>



<div class="wp-block-media-text alignwide is-stacked-on-mobile" style="grid-template-columns:28% auto"><figure class="wp-block-media-text__media"><img decoding="async" width="750" height="563" src="https://tpec.fr/wp-content/uploads/2019/07/DSCN1114.jpg" alt="" class="wp-image-335 size-full" srcset="https://tpec.fr/wp-content/uploads/2019/07/DSCN1114.jpg 750w, https://tpec.fr/wp-content/uploads/2019/07/DSCN1114-300x225.jpg 300w" sizes="(max-width: 750px) 100vw, 750px" /></figure><div class="wp-block-media-text__content">
<p class="has-text-align-left has-mulish-font-family has-small-font-size wp-block-paragraph">Pour répondre à vos besoins et maîtriser l’ensemble d’un projet de construction, nous avons développé un savoir-faire et des compétences vous permettant de vous appuyer sur un vrai partenaire. Notre approche d’expert de la construction spécialisée dans l’ingénierie du bâtiment a fait ces preuves depuis plus de 25 ans.</p>



<p class="has-text-align-left has-mulish-font-family has-small-font-size wp-block-paragraph">La gestion de vos projets, de vos premières idées, de la première esquisse à la livraison clé en main, jusqu’au suivi du SAV.</p>



<p class="has-text-align-left has-mulish-font-family has-small-font-size wp-block-paragraph">Nos équipes d’ingénieurs, de techniciens et d’architectes prennent en compte dès la conception vos problématiques techniques, de process, de flux, de réglementation ICPE, d’environnement, vos impératifs de délai, votre budget, etc.&nbsp;</p>



<p class="has-text-align-left has-mulish-font-family has-small-font-size wp-block-paragraph">La gestion globale d’un projet, c’est notre quotidien ; notre bureau d’études techniques vous conseillera et vous apportera les solutions innovantes et sur mesure à votre projet.</p>



<p class="has-text-align-left has-mulish-font-family has-small-font-size wp-block-paragraph">Chaque projet est accompagné par une personne dédiée pour la partie travaux. C’est le garant de la réussite !</p>
</div></div>
</div>



<div style="height:52px" aria-hidden="true" class="wp-block-spacer"></div>



<p class="has-text-align-center has-black-color has-text-color has-link-color has-mulish-font-family has-medium-font-size wp-elements-1ffed1614ba5bca8f405f404f1853fb9 wp-block-paragraph" style="font-style:normal;font-weight:700">TPEC, un véritable professionnel du domaine de la construction</p>



<div style="height:50px" aria-hidden="true" class="wp-block-spacer"></div>



<div class="wp-block-group has-custom-color-3-background-color has-background has-global-padding is-layout-constrained wp-block-group-is-layout-constrained">
<h3 class="wp-block-heading has-text-align-center alignwide has-custom-orange-tpec-color has-text-color has-link-color has-mulish-font-family has-medium-font-size wp-elements-6627bf357403288d70cc39876912f457">NOS ENGAGEMENTS</h3>



<div class="wp-block-group alignwide has-mulish-font-family has-small-font-size has-global-padding is-content-justification-center is-layout-constrained wp-container-core-group-is-layout-2df26e1c wp-block-group-is-layout-constrained">
<p class="has-text-align-left alignwide wp-block-paragraph" style="padding-right:0">Nous nous engageons à prendre en main globalement votre projet avec un interlocuteur unique en phase conception, un interlocuteur unique en phase travaux, pour vous conseiller avec des engagements clairs sur :</p>



<ul class="wp-block-list">
<li>le délai</li>
</ul>



<ul class="wp-block-list">
<li>le prix&nbsp;</li>
</ul>



<ul class="wp-block-list">
<li>la qualité</li>
</ul>



<ul class="wp-block-list">
<li>la sécurité&nbsp;</li>
</ul>



<ul class="wp-block-list">
<li>la présence d’un maximum d’entreprises locales&nbsp;</li>
</ul>



<ul class="wp-block-list">
<li>une construction éco-responsable.</li>
</ul>
</div>
</div>

<p>DEPUIS 2001, C&rsquo;EST PLUS DE 600 000 m² DE CONSTRUIT ! NEUF Construction de tous vos projets, de la recherche du terrain à l’étude de vos flux internes, en passant par lés démarches administratives jusqu’à la livraison clé en main. AGRANDISSEMENT Agrandissement en site occupé ou non, nous nous occupons de l’étude, des phasages, de [&hellip;]</p>
